{"version":"1.0","provider_name":"Uudenmaan Reservipiirit","provider_url":"https:\/\/www.rul.fi\/uudres","author_name":"uusimaa","author_url":"https:\/\/www.rul.fi\/uudres\/author\/uusimaa\/","title":"Piirin hallitus 2026 - Uudenmaan Reservipiirit","type":"rich","width":600,"height":338,"html":"<blockquote class=\"wp-embedded-content\" data-secret=\"zBuwanGaMa\"><a href=\"https:\/\/www.rul.fi\/uudres\/urup\/piirin-hallitus-ja-toimihenkilot\/\">Piirin hallitus 2026<\/a><\/blockquote><iframe sandbox=\"allow-scripts\" security=\"restricted\" src=\"https:\/\/www.rul.fi\/uudres\/urup\/piirin-hallitus-ja-toimihenkilot\/embed\/#?secret=zBuwanGaMa\" width=\"600\" height=\"338\" title=\"&#8221;Piirin hallitus 2026&#8221; &#8212; Uudenmaan Reservipiirit\" data-secret=\"zBuwanGaMa\" frameborder=\"0\" marginwidth=\"0\" marginheight=\"0\" scrolling=\"no\" class=\"wp-embedded-content\"><\/iframe><script type=\"text\/javascript\">\n\/* <![CDATA[ *\/\n\/*! This file is auto-generated *\/\n!function(d,l){\"use strict\";l.querySelector&&d.addEventListener&&\"undefined\"!=typeof URL&&(d.wp=d.wp||{},d.wp.receiveEmbedMessage||(d.wp.receiveEmbedMessage=function(e){var t=e.data;if((t||t.secret||t.message||t.value)&&!\/[^a-zA-Z0-9]\/.test(t.secret)){for(var s,r,n,a=l.querySelectorAll('iframe[data-secret=\"'+t.secret+'\"]'),o=l.querySelectorAll('blockquote[data-secret=\"'+t.secret+'\"]'),c=new RegExp(\"^https?:$\",\"i\"),i=0;i<o.length;i++)o[i].style.display=\"none\";for(i=0;i<a.length;i++)s=a[i],e.source===s.contentWindow&&(s.removeAttribute(\"style\"),\"height\"===t.message?(1e3<(r=parseInt(t.value,10))?r=1e3:~~r<200&&(r=200),s.height=r):\"link\"===t.message&&(r=new URL(s.getAttribute(\"src\")),n=new URL(t.value),c.test(n.protocol))&&n.host===r.host&&l.activeElement===s&&(d.top.location.href=t.value))}},d.addEventListener(\"message\",d.wp.receiveEmbedMessage,!1),l.addEventListener(\"DOMContentLoaded\",function(){for(var e,t,s=l.querySelectorAll(\"iframe.wp-embedded-content\"),r=0;r<s.length;r++)(t=(e=s[r]).getAttribute(\"data-secret\"))||(t=Math.random().toString(36).substring(2,12),e.src+=\"#?secret=\"+t,e.setAttribute(\"data-secret\",t)),e.contentWindow.postMessage({message:\"ready\",secret:t},\"*\")},!1)))}(window,document);\n\/\/# sourceURL=https:\/\/www.rul.fi\/uudres\/wp-includes\/js\/wp-embed.min.js\n\/* ]]> *\/\n<\/script>\n","description":"Puheenjohtajisto Piirihallituksen puheenjohtaja Tatu P\u00e4ti\u00e4l\u00e4 Piirihallituksen 1. varapuheenjohtaja Juha Liukkonen Piirihallituksen 2. varapuheenjohtaja Toni Tiilikainen &#8212;&#8212;&#8212;&#8212;&#8212;&#8212;&#8212;&#8212;&#8212;&#8212;&#8212;&#8212;&#8212;&#8212;&#8212;&#8212;&#8212;&#8212;&#8212;&#8212;&#8212;&#8212;&#8212;&#8212;&#8212;&#8212;&#8212;&#8212;&#8212;&#8212;&#8212;&#8212;&#8212;&#8212;&#8212;&#8212;&#8212;&#8212;&#8212;&#8212;&#8212;&#8212;&#8212;&#8212;&#8212;&#8212;&#8212;&#8212;&#8212;&#8212;&#8212;&#8212;&#8212;&#8212;&#8212;&#8212;&#8212;&#8212;&#8212;&#8212;&#8212;&#8212;&#8212;&#8212;&#8212;&#8212;&#8212;&#8212;&#8212;&#8212;&#8212;&#8212;&#8212;&#8212;&#8212; Piirihallituksen j\u00e4senet J\u00e4senkerho J\u00e4sen Henkil\u00f6kohtainen varaj\u00e4sen HANGON RES.UPS.KERHO Jarmo Valtimo Kimmo M\u00e4kipeska HYVINK\u00c4\u00c4N RESERVIUPSEERIT RY Jussi Airas Panu Latvala JOKELAN RESERVIUPSEERIT RY Jukka Welling \u00a0Raimo Laakso J\u00c4RVENP\u00c4\u00c4N RES.UPS.KERHO RY Mika Klemola Veikko Karhum\u00e4ki J\u00c4RVENP\u00c4\u00c4N RES.UPS.KERHO RY Seppo Rantanen Osmo [&hellip;]"}

Puheenjohtajisto Piirihallituksen puheenjohtaja Tatu Pätiälä Piirihallituksen 1. varapuheenjohtaja Juha Liukkonen Piirihallituksen 2. varapuheenjohtaja Toni Tiilikainen &#8212;&#8212;&#8212;&#8212;&#8212;&#8212;&#8212;&#8212;&#8212;&#8212;&#8212;&#8212;&#8212;&#8212;&#8212;&#8212;&#8212;&#8212;&#8212;&#8212;&#8212;&#8212;&#8212;&#8212;&#8212;&#8212;&#8212;&#8212;&#8212;&#8212;&#8212;&#8212;&#8212;&#8212;&#8212;&#8212;&#8212;&#8212;&#8212;&#8212;&#8212;&#8212;&#8212;&#8212;&#8212;&#8212;&#8212;&#8212;&#8212;&#8212;&#8212;&#8212;&#8212;&#8212;&#8212;&#8212;&#8212;&#8212;&#8212;&#8212;&#8212;&#8212;&#8212;&#8212;&#8212;&#8212;&#8212;&#8212;&#8212;&#8212;&#8212;&#8212;&#8212;&#8212;&#8212; Piirihallituksen jäsenet Jäsenkerho Jäsen Henkilökohtainen varajäsen HANGON RES.UPS.KERHO Jarmo Valtimo Kimmo Mäkipeska HYVINKÄÄN RESERVIUPSEERIT RY Jussi Airas Panu Latvala JOKELAN RESERVIUPSEERIT RY Jukka Welling  Raimo Laakso JÄRVENPÄÄN RES.UPS.KERHO RY Mika Klemola Veikko Karhumäki JÄRVENPÄÄN RES.UPS.KERHO RY Seppo Rantanen Osmo [&hellip;]
