{"version":"1.0","provider_name":"Viitasaaren Reserviupseerit ry","provider_url":"https:\/\/www.rul.fi\/viitasaari","author_name":"viitasaari2","author_url":"https:\/\/www.rul.fi\/viitasaari\/author\/viitasaari2\/","title":"Sotaanl\u00e4hteneiden muistomerkki - Viitasaaren Reserviupseerit ry","type":"rich","width":600,"height":338,"html":"<blockquote class=\"wp-embedded-content\" data-secret=\"5jbcJFphB8\"><a href=\"https:\/\/www.rul.fi\/viitasaari\/kuvia-toiminnasta\/sotaanlahteneiden-muistomerkin-paljastustilaisuus\/\">Sotaanl\u00e4hteneiden muistomerkki<\/a><\/blockquote><iframe sandbox=\"allow-scripts\" security=\"restricted\" src=\"https:\/\/www.rul.fi\/viitasaari\/kuvia-toiminnasta\/sotaanlahteneiden-muistomerkin-paljastustilaisuus\/embed\/#?secret=5jbcJFphB8\" width=\"600\" height=\"338\" title=\"&#8221;Sotaanl\u00e4hteneiden muistomerkki&#8221; &#8212; Viitasaaren Reserviupseerit ry\" data-secret=\"5jbcJFphB8\" frameborder=\"0\" marginwidth=\"0\" marginheight=\"0\" scrolling=\"no\" class=\"wp-embedded-content\"><\/iframe><script type=\"text\/javascript\">\n\/* <![CDATA[ *\/\n\/*! This file is auto-generated *\/\n!function(d,l){\"use strict\";l.querySelector&&d.addEventListener&&\"undefined\"!=typeof URL&&(d.wp=d.wp||{},d.wp.receiveEmbedMessage||(d.wp.receiveEmbedMessage=function(e){var t=e.data;if((t||t.secret||t.message||t.value)&&!\/[^a-zA-Z0-9]\/.test(t.secret)){for(var s,r,n,a=l.querySelectorAll('iframe[data-secret=\"'+t.secret+'\"]'),o=l.querySelectorAll('blockquote[data-secret=\"'+t.secret+'\"]'),c=new RegExp(\"^https?:$\",\"i\"),i=0;i<o.length;i++)o[i].style.display=\"none\";for(i=0;i<a.length;i++)s=a[i],e.source===s.contentWindow&&(s.removeAttribute(\"style\"),\"height\"===t.message?(1e3<(r=parseInt(t.value,10))?r=1e3:~~r<200&&(r=200),s.height=r):\"link\"===t.message&&(r=new URL(s.getAttribute(\"src\")),n=new URL(t.value),c.test(n.protocol))&&n.host===r.host&&l.activeElement===s&&(d.top.location.href=t.value))}},d.addEventListener(\"message\",d.wp.receiveEmbedMessage,!1),l.addEventListener(\"DOMContentLoaded\",function(){for(var e,t,s=l.querySelectorAll(\"iframe.wp-embedded-content\"),r=0;r<s.length;r++)(t=(e=s[r]).getAttribute(\"data-secret\"))||(t=Math.random().toString(36).substring(2,12),e.src+=\"#?secret=\"+t,e.setAttribute(\"data-secret\",t)),e.contentWindow.postMessage({message:\"ready\",secret:t},\"*\")},!1)))}(window,document);\n\/\/# sourceURL=https:\/\/www.rul.fi\/viitasaari\/wp-includes\/js\/wp-embed.min.js\n\/* ]]> *\/\n<\/script>\n","thumbnail_url":"https:\/\/www.rul.fi\/viitasaari\/files\/2015\/11\/muistomerkki.jpg","thumbnail_width":726,"thumbnail_height":460,"description":"27.9.2015 Viitasaaren yhteiskoulun pihalla paljastettiin muistomerkki sotaanl\u00e4hteneiden sotilaiden muistolle. Kivet symboloivat kotia, uskontoa ja is\u00e4nmaata, joiden puolesta taistelemaan l\u00e4hti Viitasaarelta tuhansia miehi\u00e4. Ympyr\u00e4 tammenlehv\u00e4n ymp\u00e4rill\u00e4 puolestaan yhdist\u00e4\u00e4 sotaan l\u00e4hteneiden muiston t\u00e4h\u00e4n p\u00e4iv\u00e4\u00e4n ja tulevaisuuteen. Muistomerkin ovat suunnitelleet kuvanveist\u00e4j\u00e4 Jaana Bombin ja aluearkkitehti Helena Raatikainen yhteisty\u00f6ss\u00e4 veteraanien, reservil\u00e4isten ja kaupungin edustajien kanssa. Sotaan l\u00e4hteneiden muistomerkin paljastustilaisuus [&hellip;]"}

Sotaanlähteneiden muistomerkki - Viitasaaren Reserviupseerit ry

<blockquote class="wp-embedded-content" data-secret="5jbcJFphB8"><a href="https://www.rul.fi/viitasaari/kuvia-toiminnasta/sotaanlahteneiden-muistomerkin-paljastustilaisuus/">Sotaanlähteneiden muistomerkki</a></blockquote><iframe sandbox="allow-scripts" security="restricted" src="https://www.rul.fi/viitasaari/kuvia-toiminnasta/sotaanlahteneiden-muistomerkin-paljastustilaisuus/embed/#?secret=5jbcJFphB8" width="600" height="338" title="&#8221;Sotaanlähteneiden muistomerkki&#8221; &#8212; Viitasaaren Reserviupseerit ry" data-secret="5jbcJFphB8" frameborder="0" marginwidth="0" marginheight="0" scrolling="no" class="wp-embedded-content"></iframe><script type="text/javascript">
/* <![CDATA[ */
/*! This file is auto-generated */
!function(d,l){"use strict";l.querySelector&&d.addEventListener&&"undefined"!=typeof URL&&(d.wp=d.wp||{},d.wp.receiveEmbedMessage||(d.wp.receiveEmbedMessage=function(e){var t=e.data;if((t||t.secret||t.message||t.value)&&!/[^a-zA-Z0-9]/.test(t.secret)){for(var s,r,n,a=l.querySelectorAll('iframe[data-secret="'+t.secret+'"]'),o=l.querySelectorAll('blockquote[data-secret="'+t.secret+'"]'),c=new RegExp("^https?:$","i"),i=0;i<o.length;i++)o[i].style.display="none";for(i=0;i<a.length;i++)s=a[i],e.source===s.contentWindow&&(s.removeAttribute("style"),"height"===t.message?(1e3<(r=parseInt(t.value,10))?r=1e3:~~r<200&&(r=200),s.height=r):"link"===t.message&&(r=new URL(s.getAttribute("src")),n=new URL(t.value),c.test(n.protocol))&&n.host===r.host&&l.activeElement===s&&(d.top.location.href=t.value))}},d.addEventListener("message",d.wp.receiveEmbedMessage,!1),l.addEventListener("DOMContentLoaded",function(){for(var e,t,s=l.querySelectorAll("iframe.wp-embedded-content"),r=0;r<s.length;r++)(t=(e=s[r]).getAttribute("data-secret"))||(t=Math.random().toString(36).substring(2,12),e.src+="#?secret="+t,e.setAttribute("data-secret",t)),e.contentWindow.postMessage({message:"ready",secret:t},"*")},!1)))}(window,document);
//# sourceURL=https://www.rul.fi/viitasaari/wp-includes/js/wp-embed.min.js
/* ]]> */
</script>

27.9.2015 Viitasaaren yhteiskoulun pihalla paljastettiin muistomerkki sotaanlähteneiden sotilaiden muistolle. Kivet symboloivat kotia, uskontoa ja isänmaata, joiden puolesta taistelemaan lähti Viitasaarelta tuhansia miehiä. Ympyrä tammenlehvän ympärillä puolestaan yhdistää sotaan lähteneiden muiston tähän päivään ja tulevaisuuteen. Muistomerkin ovat suunnitelleet kuvanveistäjä Jaana Bombin ja aluearkkitehti Helena Raatikainen yhteistyössä veteraanien, reserviläisten ja kaupungin edustajien kanssa. Sotaan lähteneiden muistomerkin paljastustilaisuus [&hellip;]
